1959 a composite number?
True
Is 28349 composite?
False
Is 68569 a prime number?
False
Is 9527 a composite number?
True
Is 13435 a prime number?
False
Is 3899 composite?
True
Is 3341 a composite number?
True
Is 638927 composite?
True
Is 939449 a prime number?
False
Is 830191 prime?
True
Is 787063 a composite number?
True
Is 271283 prime?
False
Is 2117261 composite?
True
Is 1177229 a prime number?
False
Is 830713 a composite number?
True
Is 174151 prime?
False
Is 263 a prime number?
True
Is 770639 prime?
True
Is 2819 a composite number?
False
Is 167729 composite?
False
Is 20573 composite?
True
Is 588631 prime?
True
Is 19531 composite?
False
Is 66281 prime?
False
Is 2845457 a composite number?
False
Is 558683 composite?
False
Is 14447 prime?
True
Is 17521 composite?
True
Is 11789 composite?
False
Is 65359 a composite number?
True
Is 79759 prime?
False
Is 10651 a prime number?
True
Is 20854 composite?
True
Is 1511 prime?
True
Is 50789 a prime number?
True
Is 70531 prime?
False
Is 126823 a prime number?
True
Is 412609 a composite number?
False
Is 65867 prime?
True
Is 4989 a composite number?
True
Is 253919 a prime number?
True
Is 701755 a prime number?
False
Is 1186 prime?
False
Is 30619 a prime number?
False
Is 278989 a composite number?
True
Is 244273 a composite number?
True
Is 38887 a composite number?
True
Is 9199 a composite number?
False
Is 315853 prime?
False
Is 142498 a composite number?
True
Is 2602927 a composite number?
False
Is 108863 prime?
True
Is 929 a prime number?
True
Is 7597 a prime number?
False
Is 7063 a composite number?
True
Is 21055 a composite number?
True
Is 5261 a prime number?
True
Is 20693 a prime number?
True
Is 14243 composite?
False
Is 572627 a prime number?
False
Is 29215 prime?
False
Is 142007 composite?
False
Is 2887 a composite number?
False
Is 18053 composite?
True
Is 117877 prime?
True
Is 839447 prime?
False
Is 1706 a prime number?
False
Is 12319 prime?
False
Is 67909 a composite number?
True
Is 15997 a composite number?
True
Is 178289 composite?
False
Is 63113 prime?
True
Is 247459 a composite number?
True
Is 547303 a prime number?
False
Is 180407 a prime number?
False
Is 2426 prime?
False
Is 197443 composite?
True
Is 223786 a composite number?
True
Is 293071 composite?
False
Is 20329 a composite number?
True
Is 136447 composite?
False
Is 330097 a prime number?
True
Is 386341 a composite number?
True
Is 789029 a composite number?
False
Is 275269 composite?
False
Is 665447 a composite number?
False
Is 12319 a composite number?
True
Is 132083 a composite number?
True
Is 11777 a prime number?
True
Is 101294 a composite number?
True
Is 3793 composite?
False
Is 7993 a prime number?
True
Is 77417 a composite number?
False
Is 103749 composite?
True
Is 38039 composite?
False
Is 40045 prime?
False
Is 9113 prime?
False
Is 19103 composite?
True
Is 43481 prime?
True
Is 22913 composite?
True
Is 98053 prime?
False
Is 117707 a prime number?
False
Is 33547 a prime number?
True
Is 4265 a composite number?
True
Is 79801 a composite number?
False
Is 171113 a prime number?
False
Is 117103 a prime number?
False
Is 5006 a composite number?
True
Is 36391 composite?
True
Is 19354 prime?
False
Is 110623 a composite number?
False
Is 615533 prime?
False
Is 73709 composite?
False
Is 2543 a prime number?
True
Is 183 composite?
True
Is 357211 prime?
True
Is 10349 a prime number?
False
Is 75011 prime?
True
Is 706891 composite?
True
Is 18119 composite?
False
Is 15673 composite?
True
Is 579578 a composite number?
True
Is 921 prime?
False
Is 84707 composite?
True
Is 2324053 composite?
True
Is 2743 prime?
False
Is 4327 prime?
True
Is 25859 a composite number?
True
Is 976277 a composite number?
True
Is 26 composite?
True
Is 5461 a prime number?
False
Is 83483 a prime number?
False
Is 3833 a prime number?
True
Is 21703 prime?
False
Is 169079 a composite number?
False
Is 1054135 a prime number?
False
Is 41011 composite?
False
Is 1270661 composite?
True
Is 4547 composite?
False
Is 3637 a prime number?
True
Is 154897 composite?
False
Is 1272203 a prime number?
True
Is 25178 composite?
True
Is 3151 prime?
False
Is 142045 composite?
True
Is 5227 prime?
True
Is 57542 prime?
False
Is 7395155 a prime number?
False
Is 69959 prime?
True
Is 52727 composite?
False
Is 2503 a prime number?
True
Is 2999 prime?
True
Is 473245 prime?
False
Is 263899 a prime number?
True
Is 237 a composite number?
True
Is 26303 a prime number?
False
Is 14699 a prime number?
True
Is 581311 a composite number?
False
Is 1315723 a composite number?
False
Is 2293 prime?
True
Is 808553 a composite number?
False
Is 32647 composite?
False
Is 54751 composite?
False
Is 14591 a composite number?
False
Is 965949 prime?
False
Is 88411 composite?
False
Is 66169 a prime number?
True
Is 281717 prime?
True
Is 36643 a composite number?
False
Is 26941 composite?
True
Is 42641 composite?
False
Is 6051 a composite number?
True
Is 12659 a prime number?
True
Is 2283559 prime?
False
Is 826585 a composite number?
True
Is 110206 composite?
True
Is 239667 a prime number?
False
Is 26869 prime?
False
Is 2306 composite?
True
Is 256159 composite?
True
Is 20593 a prime number?
True
Is 138889 a prime number?
True
Is 503 prime?
True
Is 34097 prime?
False
Is 17093 a composite number?
False
Is 429659 a composite number?
False
Is 252383 composite?
False
Is 37547 a prime number?
True
Is 22217 composite?
True
Is 189863 a prime number?
False
Is 115315 a composite number?
True
Is 3593 a composite number?
False
Is 384941 a prime number?
True
Is 124459 a prime number?
True
Is 6341 a composite number?
True
Is 1135753 prime?
False
Is 3319 a composite number?
False
Is 5204919 a composite number?
True
Is 73241 a composite number?
True
Is 170953 a composite number?
False
Is 69461 prime?
False
Is 195181 a composite number?
True
Is 115201 prime?
True
Is 202277 a prime number?
True
Is 697831 prime?
True
Is 905539 a prime number?
False
Is 7097 a prime number?
False
Is 19153 composite?
True
Is 204123 a composite number?
True
Is 62267 prime?
False
Is 3084509 a prime number?
True
Is 5317 prime?
False
Is 571673 a composite number?
False
Is 92333 a composite number?
False
Is 2975939 a composite number?
True
Is 20201 prime?
True
Is 107741 prime?
True
Is 757 prime?
True
Is 70715 a composite number?
True
Is 6817 a composite number?
True
Is 18897 a composite number?
True
Is 40343 composite?
False
Is 491261 a prime number?
True
Is 12468227 prime?
True
Is 30863 a prime number?
False
Is 343411 a prime number?
True
Is 27593 composite?
True
Is 662819 a prime number?
True
Is 57359 a composite number?
True
Is 1333 composite?
True
Is 6247 prime?
True
Is 237203 a prime number?
True
Is 37733 a prime number?
False
Is 38131 a composite number?
True
Is 1181 a composite number?
False
Is 2939 prime?
True
Is 2371 a composite number?
False
Is 216233 a prime number?
True
Is 164949 composite?
True
Is 147907 a prime number?
False
Is 23299 a composite number?
True
Is 27933 prime?
False
Is 544083 composite?
True
Is 844819 prime?
False
Is 15071 composite?
True
Is 2323 composite?
True
Is 3845 composite?
True
Is 290287 composite?
True
Is 16661 a prime number?
True
Is 19999 prime?
False
Is 4529 a prime number?
False
Is 264458 a composite number?
True
Is 745 a composite number?
True
Is 1361 a prime number?
True
Is 9771 a prime number?
False
Is 29039 prime?
False
Is 12323 composite?
False
Is 60549 prime?
False
Is 4821 a prime number?
False
Is 5591 a composite number?
False
Is 368021 a composite number?
False
Is 1418353 composite?
False
Is 180721 a prime number?
False
Is 20327 composite?
False
Is 1003879 prime?
True
Is 167521 prime?
True
Is 12953 prime?
True
Is 1471 a composite number?
False
Is 2740409 prime?
False
Is 66683 prime?
True
Is 916945 prime?
False
Is 56009 prime?
True
Is 120473 a composite number?
False
Is 506651 prime?
False
Is 4861 a composite number?
False
Is 30337 a prime number?
False
Is 1959481 composite?
True
Is 419911 prime?
False
Is 1409 a prime number?
True
Is 1829 a prime number?
False
Is 1506779 composite?
False
Is 591317 composite?
False
Is 6847 a composite number?
True
Is 20885 composite?
True
Is 110839 prime?
False
Is 175291 a prime number?
True
Is 859213 a composite number?
False
Is 704747 composite?
False
Is 142473 a composite number?